lculate t(z).
5
Suppose 2*g - 7 = -0*g - c, 4*g - 5*c + 7 = 0. Let x(t) = 2*t**2 - 1. Determine x(g).
7
Let o(z) = -z**2 - 7*z - 12. Suppose 2*j - 27 = 5*x - 0*x, 0 = -2*j + 2. What is o(x)?
-2
Suppose 3*j - 6 = -3*m, -3*j + 4*m - 4 = 25. Let z(p) = p + 5. What is z(j)?
2
Let q(z) = -z**3 + 3*z**2 + 8*z - 2. Let s be q(5). Let g(w) = -w**2 - 12*w + 5. Calculate g(s).
5
Suppose a + 2*a - 20 = -2*h, -3*h = -5*a + 8. Let d(i) = 2*i + 3. What is d(a)?
11
Let m = 8 + -5. Let g(y) = 4*y - 1 - 2 - y**2 + 0. What is g(m)?
0
Let y(f) = 31*f**3 + 2*f - 1. Suppose 0 = -6*p + 4 + 2. Give y(p).
32
Let p(d) be the third derivative of d**7/5040 + d**6/180 + d**5/60 - d**2. Let v(j) be the third derivative of p(j). Let w = 27 + -30. Calculate v(w).
1
Let c be (-32)/6 + (-2)/3. Let x = c - -1. Let p(d) = 6*d**2 + 43*d - d**3 - 13*d**2 + d**2 - 49*d - 1 - 3. Calculate p(x).
1
Let y(a) = 5*a**3 + a**2. Let d be 0 + ((-9)/3)/(-3). Give y(d).
6
Let j(a) = -1. Let m(y) = 2*y**3 - 2*y**2 - y - 2. Suppose -2*c = 2*c. Suppose 3*x - x + 2 = c. Let d(o) = x*j(o) + m(o). Give d(2).
5
Let m(b) = 2*b. Let s be m(3). Let u(r) = -r**3 + 0*r**3 + 0*r**3 - 6 + 6*r**2. Determine u(s).
-6
Let q(i) be the third derivative of -i**5/60 - i**4/24 - i**3/2 + 2*i**2 - 5. Give q(-3).
-9
Let r(i) = -i + 6. Let g be r(4). Let j = g + -4. Let v(l) = 2*l**3 + l**2 - l - 1. Give v(j).
-11
Let r(l) = l**3 + 2*l**2 - l. Let t(o) = -o - 21. Let v be t(-19). Calculate r(v).
2
Let k(o) be the second derivative of o**5/20 - 7*o**4/12 + 5*o**3/6 + 4*o**2 + 16*o. Calculate k(6).
2
Let p = 14 - 9. Let g(n) be the third derivative of n**6/120 - n**5/10 + n**4/4 - n**3/3 + 2*n**2. What is g(p)?
3
Suppose 0 = l, -3*d + 5*l + 0 = 6. Let p(x) = -4*x**3 - 2*x**2 - 2*x + 1. Calculate p(d).
29
Let p(g) = 4*g - 2*g**2 - 1 - 4*g**3 - 7*g + 5*g**3. Let k(c) = c**2 - 7*c + 4. Let w be k(8). Suppose -z + 4*q - 1 = 0, 0 = -5*z - 2*q + w + 5. What is p(z)?
-1
Let b(m) = -3*m**3 - 2*m**2 + 1. Let s(f) = f**3 + 5*f**2 - f - 1. Let r be s(-5). Let c = -5 + r. Determine b(c).
2
Let z(h) = 2*h**3 + 2*h + 1. Let p(q) = q**3 - 11*q**2 - q + 10. Let x be p(11). Give z(x).
-3
Let i(r) = -r - 1. Let t be i(-1). Let a = 6 - 3. Let p(u) = t*u + 3*u + 2 + u**2 + 6*u - a*u. Determine p(-5).
-3
Let m(o) = -14*o**2 - 4*o + 10. Let p(z) = -z**2 - 8*z + 9. Let a be p(-10). Let n(b) = -5*b**2 - b + 3. Let d(q) = a*n(q) + 4*m(q). Calculate d(-5).
7
Let f(o) = -8 - 4*o + 3*o + 4. Give f(-7).
3
Suppose -i - 30 = i. Let r(a) = -a + 8. Let j be r(17). Let f = i - j. Let l(z) = z + 2. What is l(f)?
-4
Let r = -41 - -40. Let d(l) = -13*l**3 + 5*l**2 - 5*l - 2. Let x(t) = 7*t**3 - 2*t**2 + 2*t + 1. Let p(y) = -2*d(y) - 5*x(y). Calculate p(r).
8
Let x(k) = 6*k**2 + 15*k + 1. Let r(y) = 2*y**2 + 5*y. Let q(d) = 8*r(d) - 3*x(d). What is q(-3)?
-6
Suppose 0 = -5*b + 3*m + 23, b + 0*b - 2*m - 6 = 0. Let z(d) = b*d + d**3 + d - 5*d - d**2 - d. Let l(u) = -u - 10. Let a be l(-10). What is z(a)?
0
Let a(v) = 4 - 5*v - v**2 - 3 - 4. Let r(o) = -o**3 - 3*o**2 + 2*o - 4. Let k be r(-4). Suppose -2*l + l = -3*t - k, 5*t = -3*l - 30. Calculate a(t).
3
Let b = 11/12 + -1/4. Let q(i) be the third derivative of 0*i + 0*i**4 + 0 + 1/120*i**6 + i**2 - 1/12*i**5 + b*i**3. Determine q(5).
4
Let t(v) be the second derivative of -v**3/6 + 2*v**2 - 6*v. Determine t(-3).
7
Let v be ((-6)/(-9)*-6)/(-1). Let n(r) = 5*r - r**2 + 3 + 1 - 2*r. Let h be n(v). Let m(z) = z**2 + z - 2. Give m(h).
-2
Let c(i) = -1 - 3 + 0 + 1 + 2*i. What is c(4)?
5
Let z(g) = -g**2 - 6*g + 4. Let i(c) = c**3 - 7*c**2 - c + 9. Let k be i(7). Suppose -5*v - 5 = -0*l + l, 0 = 4*l + k*v + 20. What is z(l)?
9
Let z(h) = 4*h**2 + 1. Let a be z(1). Let r be (1*-1)/(a/(-5)). Suppose 2*m - 3 = -r. Let v(c) = 3*c**3 + c - 1. Determine v(m).
3
Suppose 2*d + 0*d - 4 = 0. Let o(r) = 4*r - 2. Determine o(d).
6
Let q(w) = -w**2 + w + 1. Let i(u) = -4*u**2 + u + 8. Let s(y) = -2*y**2 + 4. Let m(f) = 3*i(f) - 7*s(f). Let d(v) = m(v) + 3*q(v). Give d(4).
7
Let d = 10 + 1. Let j = d - 7. Let o(c) = -c**2 + 3*c - 4. Give o(j).
-8
Suppose 0*g = -8*g - 88. Let d(r) = -r**2 - 10*r + 9. Determine d(g).
-2
Suppose -i = -5*i. Suppose 4*c + i = -4. Let l(j) = -2*j**3 - 5*j**2 - j + 4. Let y(b) = 5*b**3 + 9*b**2 + 2*b - 7. Let f(d) = 7*l(d) + 4*y(d). What is f(c)?
-6
Let u(r) be the second derivative of r**5/20 - r**4/2 - r**3 - 9*r**2/2 + 10*r. Give u(7).
-2
Let f(p) = -p**2 + 1. Suppose 3*o - 5 = -2*z - 16, -z = -4*o. Calculate f(o).
0
Let d(w) = w**3 + 2*w**2 - w + 1. Let g be (-1 + 0)*(-2 - 6). Let k = 5 - g. Determine d(k).
-5
Let z = -13 + 8. Let u(w) = 3 + w**3 - 4 + 2*w**3 - 2*w**3 - w. Let j(b) = -7*b**3 - 5*b**2 + 6*b + 1. Let v(h) = -j(h) - 6*u(h). Calculate v(z).
5
Let a(m) = -3*m + 8*m**2 + 3*m. Suppose 3 = v + 4*w + 11, -5*v = -2*w - 26. Suppose v*s + 3 = 7. Give a(s).
8
Let c(b) be the first derivative of -b**4/4 - 5*b**3/3 + b**2 + 5*b - 16. Determine c(-5).
-5
Let x(l) = 3*l - 3. Let n be x(3). Let p(z) = 2*z - 3. Give p(n).
9
Let q(b) = -1 + b + 0*b + 2. Let m be q(-4). Let v(d) = -30*d**2 + 0*d + 32*d**2 + 4*d + 2. What is v(m)?
8
Let m(g) be the first derivative of g**4/12 - 7*g**3/6 + 2*g**2 - 2*g + 2. Let d(u) be the first derivative of m(u). What is d(5)?
-6
Let o(v) be the third derivative of -v**6/60 - v**5/20 - v**4/12 - v**3/2 + 4*v**2. Let c be o(-2). Let l(b) = 2*b - 7. Give l(c).
3
Let o(n) = n**2 + n - 1. Let q(l) = 2*l + 1. Let y = 2 + -1. Let k be q(y). Suppose -4*c + k = 15. Give o(c).
5
Suppose 3*z + d = 24, -4*z - 3*d - 2*d = -21. Suppose 2*j + 2*j = 4*p - 20, 5*j = -3*p - z. Let a(f) = -f**3 + 2*f**2 + f. Determine a(p).
2
Let p(x) be the third derivative of -x**5/60 + 5*x**4/24 + x**3 - x**2. Determine p(7).
-8
Suppose -3*o + o + 27 = -5*i, 3*i - 3*o + 18 = 0. Let g(h) = 7*h + 1. Let p be g(1). Let a(z) = -5*z + 1 + 4*z - p. Calculate a(i).
-2
Let p(m) be the first derivative of 1/3*m**3 + 2 + 1/2*m**2 + m + 1/6*m**4. Let l(a) be the first derivative of p(a). What is l(-1)?
1
Let y(a) be the first derivative of 4 + 9*a - 2*a**3 - 1/4*a**4 + 3/2*a**2. What is y(-6)?
-9
Let p(b) = -b**2 - b + 2. Let l = 2 + 1. Suppose 0 = w - l*w. Calculate p(w).
2
Let s(x) = -x**2 + 3*x + 4. Let b be s(5). Let w(c) = -c**2 - 9*c - 2. Calculate w(b).
16
Let r(y) = 2*y**2 + 4*y - 2. Let f(s) = 2*s**2 + 3*s - 2. Let c(i) = 4*f(i) - 3*r(i). Let v be c(0). Let j(l) = l**3 - 2*l**2 - 4*l - 2. What is j(v)?
-10
Let i(v) = 2*v**2 - 2*v. Let o be i(2). Let t be o - 2/((-1)/1). Let u(s) = s + 1. Determine u(t).
7
Let l(x) be the third derivative of x**2 - 1/120*x**6 + 0 + 1/30*x**5 - 1/24*x**4 + 0*x + 1/2*x**3. What is l(3)?
-9
Let o(n) = n + 1. Let b be (-2 - -4 - 1)*5/5. Give o(b).
2
Let s(w) = w + 2. Let q be (-2)/6 + (-8)/3. Let g(z) = -z**3 - 3*z**2 - 3*z - 4. Let r be g(q). Suppose 4*x = r + 15. What is s(x)?
7
Let f(k) be the third derivative of -k**4/12 + 5*k**3/6 - 41*k**2. What is f(8)?
-11
Let s(l) = -l**3 + 7*l**2 - 7*l + 4. Let h be s(6). Let x(k) = -7*k**2 - 3*k - 2. Calculate x(h).
-24
Let b = -13 + 19. Let x = -4 + b. Let d(u) = -3 - 2*u**2 + 2 - u + 3. Give d(x).
-8
Let r(c) = -c - 3. Let t be r(0). Let p be (-3 - 11/t)*-9. Let g(w) = -w**2 - 6*w - 7. Give g(p).
-7
Let u(n) = n**2 + 3*n - 6. Let h be 15/(-5) + -1 + -1. What is u(h)?
4
Let x(v) = -v**2 + 5*v - 1. Let r(f) = f**2 + 6*f + 5. Let g be r(-6). Calculate x(g).
-1
Let x be (2/(-4))/((-9)/36). Suppose 6 + x = -p - 4*a, -5*a - 10 = -3*p. Let j(c) = c**3 + c**2 + c + 6. Calculate j(p).
6
Let n(h) = -7*h - 11. Let o(r) = 18*r - 33*r - 5 + 12*r. Let f(j) = 2*n(j) - 5*o(j). Determine f(-4).
-1
Let r(b) = b**2 - 9. Let t be 2/(-1) - (1 - 0). Let o = 3 - t. Let d(f) = f - 6. Let c be d(o). Calculate r(c).
-9
Suppose 4*k + 4 + 6 = -5*w, -3*k = 15. Let v(a) = -2 + a**3 + 6*a**w - 2 + 4*a - a. Give v(-5).
6
Let t(b) = b**3 + b**2 + b. Suppose 4*z + 0*i - 2*i - 14 = 0, -i = -4*z + 15. Suppose 0 = 4*o + z + 4. What is t(o)?
-6
Let o(f) be the first derivative of 0*f**3 - 1 + 0*f**2 + 3/4*f**4 - f. Suppose -2 = -4*u + 2*m, -4*u - u + 5*m = 0. What is o(u)?
2
Let n = -8 + 8. Suppose d + 4*m = 2*m + 2, n = d - m - 5. Suppose -3*w - 2 = d. Let i(r) = -r - 2. What is i(w)?
0
Let w(s) = -s**2 - 1. Let c = 4 - -4. Let p = 9 - c. What is w(p)?
-2
